Let d = -20 + 23. Let q(u) = u**3 + 2*u**2. Let v be q(d). Calculate the greatest common factor of 5 and v.
5
Let m be 5/(-100) - 317499/(-780). Let d be (-37 + 0)/(0 + -1). What is the highest common factor of m and d?
37
Let r = -9 + 12. Suppose r*j - 241 = -5185. Let y be j/(-11) - (-2)/11. What is the greatest common factor of 60 and y?
30
Suppose -3*s + 64 = -2*d, 2*d + 16 + 12 = s. What is the greatest common factor of 12 and s?
6
Let i be -1 + -1 - (-2 + -42). Let k(n) = -n**3 + 12*n**2 - 22*n + 203. Let p be k(7). What is the greatest common factor of p and i?
42
Suppose -4*r + 0 = 5*c + 5, 4*c + 8 = -4*r. Suppose -x + 5 + 2 = 5*j, -2*j - 38 = -3*x. Suppose c*b = x - 3. What is the greatest common divisor of b and 2?
1
Let c be (2 + (-356)/(-2))/1. Let d = -275 + c. Let j = 135 + d. What is the highest common factor of j and 5?
5
Let i be (1 + (1 - -22))*392/(-21). Let a be i/(-20)*30/4. What is the greatest common divisor of a and 21?
21
Suppose -1916 = 28*t - 30*t - 4*l, 2*t + 2*l = 1918. What is the greatest common factor of 60 and t?
60
Suppose 4*i - 34 = -2*y, 3 + 2 = -5*y. Let c be (-46)/(-529) - (-826)/23. Calculate the highest common divisor of i and c.
9
Suppose 2*u + 3*o = -u + 573, 3*o = 2*u - 387. What is the highest common divisor of 6 and u?
6
Let q be 12 + -2 + 0 - -39. What is the highest common factor of 1 and q?
1
Let s(x) = -x**3 - 9*x**2 - 7*x + 10. Let u be s(-8). Suppose -4*w + u*g = -396, 99 = -2*w + 3*w - 3*g. What is the highest common divisor of w and 33?
33
Let o be -3*(9/(-2))/((-6)/(-12)). Let m be (2/(-3))/(2/(-54)). Calculate the greatest common divisor of m and o.
9
Suppose -5*x + 73 = 2*b, 0 = -3*b - 3*x - 2*x + 117. Calculate the greatest common divisor of 3 and b.
1
Let w be 1/(1/(1 - 2)). Let v be -3 - (-412)/12 - w/(-3). What is the highest common divisor of 124 and v?
31
Let f = 151 + -61. Let b be 153/f*5 - 2/(-4). What is the highest common divisor of b and 72?
9
Suppose -418*b - 344 = -426*b. Calculate the highest common divisor of b and 2.
1
Suppose c - m - 61 = -0*c, -4*c = -m - 250. Calculate the greatest common factor of 1575 and c.
63
Suppose 0 = -4*w + 4*i + 36, 5*w + 4*i = 2*w + 6. Suppose -4*v + 9 = -f + w*f, -36 = -5*v + 2*f. Calculate the greatest common divisor of 66 and v.
6
Suppose n = 3*n + 14. Let p(g) = g**2 + 5*g - 10. Let m be p(n). Calculate the highest common factor of m and 8.
4
Let q = -1182 + 1743. Calculate the greatest common factor of q and 99.
33
Suppose -5*q = q + 36. Let s be q*2*3/(-18) + 4. Calculate the highest common factor of 6 and s.
6
Let c be 1*(-662)/(-10) - 18/90. Calculate the highest common factor of 209 and c.
11
Let d(h) = 194*h. Let b be d(3). Suppose 4*s + 464 = 3*t, s + s = -4*t + b. What is the greatest common divisor of t and 37?
37
Let o(h) = 5*h**3 + 16*h**2 - h - 4. Let w be o(-3). Suppose y - 4*y + 312 = 0. What is the highest common divisor of y and w?
8
Suppose -2*p + 96 = p. Let k = -22 + p. Suppose 4*x = -2 + k. Calculate the greatest common divisor of x and 8.
2
Let k(c) = c**2 + 7*c - 18. Let m be k(-9). Suppose 4*j - 3*f = -f + 1090, m = j - 3*f - 270. What is the greatest common divisor of 39 and j?
39
Let g(p) = 3 + 21*p - 5 - 23*p. Suppose -4*q - 47 = -15. Let i be g(q). Calculate the highest common divisor of 35 and i.
7
Let a(y) = 30*y + 1. Let j = 12 - 11. Let h be a(j). Suppose -x + h = -17. What is the greatest common factor of x and 24?
24
Suppose -7 + 3 = -h. Suppose -7*u = -4*u - 6. Let s be u - (-3 + 2 + 2). Calculate the greatest common divisor of h and s.
1
Suppose -16*a + 18*a - 6 = 0. Suppose -4*q = 8, -4 + 38 = 4*x + a*q. What is the highest common factor of 20 and x?
10
Let d = 108 + -105. Suppose 0 = -4*s + o + 32, 2*s - 25 = -o - d. Calculate the greatest common divisor of s and 2.
1
Suppose -331296 = -9*g - 75*g. What is the highest common divisor of 68 and g?
68
Let z = 13 - 9. Suppose -3*d + 151 = z*v, 5*v - 5*d - 145 = -0*d. Calculate the greatest common factor of v and 17.
17
Let c be 6/2 - 2 - -1. Suppose -4 = c*i - 3*i. Suppose -2*h + 6 + i = 0. Calculate the greatest common divisor of 5 and h.
5
Let d be (-102)/10 - 8/(-40). Let n be (-375)/d + 3/(-6). Let u = -18 + n. Calculate the greatest common factor of u and 19.
19
Let y(k) = -2*k + 6. Let b be y(-5). Let t = -6433 - -6445. What is the highest common divisor of b and t?
4
Let c be (-24)/16*4/3. Let n be (108 - -3) + 3/(-1 + c). Calculate the greatest common factor of 10 and n.
10
Suppose 43 = 34*f - 59. What is the greatest common factor of f and 51?
3
Let s(d) = 15*d - 55. Let j be s(25). Suppose j = 4*l + 60. Suppose t = 2*t - 26. Calculate the greatest common divisor of l and t.
13
Let p be (-12)/15*(-30)/(-4). Let u(o) = -o**3 - 5*o**2 + 4*o + 2. Let m be u(p). Calculate the highest common factor of m and 70.
14
Let f = 2424 - 1878. What is the highest common factor of f and 702?
78
Suppose -4*d = 13*d - 782. Calculate the greatest common factor of 46 and d.
46
Let f = 220 - 114. Suppose b - f - 49 = 0. Calculate the greatest common divisor of 62 and b.
31
Suppose -666 - 1350 = -7*i. What is the highest common divisor of 192 and i?
96
Let o = -20 + 43. Let j be 2/(-1*1/o). Let y be 12/30 - j/10. Calculate the highest common divisor of y and 35.
5
Let g(r) = 41*r**2 - 49*r + 3. Let k be g(3). Calculate the greatest common divisor of k and 200.
25
Suppose 8 + 6 = -m. Let o be 169*10/35 + 4/m. What is the greatest common divisor of 12 and o?
12
Suppose 2*g - c + 9 - 34 = 0, -g + 12 = -c. Suppose p - 28 = -g. What is the highest common factor of p and 60?
15
Let g be ((-264)/32)/((-21)/8456). What is the highest common divisor of 22 and g?
22
Suppose 4*v + 5*g - 10 = 2*v, -5*g - 80 = -4*v. Let i = 40 - v. Suppose 0*c - c + 5 = 0. What is the highest common divisor of c and i?
5
Suppose -6 = -5*s + 19. Suppose -22*u = -u - 735. What is the highest common divisor of s and u?
5
Suppose -7*k + 3*k - 5*v = -665, 826 = 5*k + v. Calculate the greatest common divisor of k and 120.
15
Let j be (4/8)/(1/76). Let q = 82 - j. Suppose 6 = 4*d - 5*v, -30 = d - 6*d - 5*v. What is the highest common factor of d and q?
4
Suppose 36 = -w + 2*w. Let b be 30/(0 - 5)*(-1 + -2). Calculate the highest common divisor of w and b.
18
Let q = -27 + 57. Suppose q = 30*m - 27*m. What is the greatest common divisor of m and 100?
10
Suppose -4*d + 20 = -20. Suppose 5*b = 16*z - 17*z + 203, -83 = -2*b - z. What is the highest common factor of b and d?
10
Suppose -28*g = -234 - 522. Let f(s) = s - 1. Let m be f(10). Calculate the greatest common divisor of g and m.
9
Let q be 34/6 + 9/27. Let u be 7 + 0/((-2)/(q/(-9))). Calculate the highest common factor of 49 and u.
7
Let r = -217 + 298. Calculate the greatest common divisor of r and 63.
9
Let a = 93 + -50. Let r = 148 - a. Let v(x) = -21*x**3 - x**2 - x. Let h be v(-1). Calculate the highest common divisor of r and h.
21
Let k = -1065 - -1121. Calculate the highest common divisor of 168 and k.
56
Suppose 5 = -3*q + 8. Let p be q*9/(9/8). Calculate the highest common divisor of p and 72.
8
Suppose r + 2*z = -3*z + 636, -2*z = -3*r + 1976. Calculate the highest common divisor of 32 and r.
16
Suppose 840 = -8*o + 1112. Calculate the greatest common factor of o and 10.
2
Suppose -5*a = 4*d + 161, -a = -2*d + d + 25. Let v = a + 39. Let m be 55/2*4*1. What is the greatest common factor of v and m?
10
Let i be 12/((-2 - -1) + 2). Suppose 0 = 6*t - 158 - 94. Suppose 0 = b + 4*s - t, b + 16 - 55 = -3*s. What is the highest common factor of i and b?
6
Let l(j) = -88*j**2 - j. Let h be l(-1). Let x = h + 192. What is the highest common divisor of 15 and x?
15
Suppose 15*d - 1306 - 734 = 0. What is the greatest common divisor of d and 72?
8
Let p be 6 + (-52)/((-36)/9). Let w = 1193 + -606. Let l = w + -416. What is the highest common factor of p and l?
19
Let z be 2029/5 + 22/110. What is the highest common divisor of z and 58?
58
Suppose -254*r = -247*r - 847. Calculate the highest common divisor of 11 and r.
11
Suppose -10 = -6*r + 8*r, -5*x - 2*r + 910 = 0. Calculate the highest common factor of x and 8.
8
Suppose -2*r = 3*y + 27 - 1, -4*r - 70 = -3*y. Let d be (-6)/r + 495/24. Suppose -5*c + 2*c + d = 0. Calculate the greatest common 